{"id":2126,"date":"2025-02-07T20:40:19","date_gmt":"2025-02-07T20:40:19","guid":{"rendered":"https:\/\/www.symmetricview.com\/home\/?page_id=2126"},"modified":"2025-03-20T17:48:18","modified_gmt":"2025-03-20T17:48:18","slug":"servicios","status":"publish","type":"page","link":"https:\/\/www.symmetricview.com\/home\/es\/servicios\/","title":{"rendered":"Servicios"},"content":{"rendered":"<div id=\"pl-2126\"  class=\"panel-layout\" ><div id=\"pg-2126-0\"  class=\"panel-grid panel-no-style\" ><div id=\"pgc-2126-0-0\"  class=\"panel-grid-cell\" ><div id=\"panel-2126-0-0-0\" class=\"so-panel widget widget_sow-editor panel-first-child\" data-index=\"0\" ><div\n\t\t\t\n\t\t\tclass=\"so-widget-sow-editor so-widget-sow-editor-base\"\n\t\t\t\n\t\t>\n<div class=\"siteorigin-widget-tinymce textwidget\">\n\t<h2><strong>Branding<\/strong><\/h2>\n<p>Los servicios de Branding abarcan una variedad de servicios destinados a desarrollar y fortalecer una marca. Estos servicios est\u00e1n dise\u00f1ados para crear y posicionar eficazmente una marca en el mercado. Pueden incluir, pero no se limitan a:<\/p>\n<\/div>\n<\/div><\/div><div id=\"panel-2126-0-0-1\" class=\"so-panel widget widget_sow-accordion panel-last-child\" data-index=\"1\" ><div\n\t\t\t\n\t\t\tclass=\"so-widget-sow-accordion so-widget-sow-accordion-default-ae14589eaf6b-2126\"\n\t\t\t\n\t\t><div>\n\t<div class=\"sow-accordion\">\n\t\t\t<div class=\"sow-accordion-panel\n\t\t\t\t\t\"\n\t\t\t\tdata-anchor-id=\"servicios-de-branding\">\n\t\t\t\t\t<div class=\"sow-accordion-panel-header-container\" role=\"heading\" aria-level=\"2\">\n\t\t\t\t\t<div class=\"sow-accordion-panel-header\" tabindex=\"0\" role=\"button\" id=\"accordion-label-servicios-de-branding\" aria-controls=\"accordion-content-servicios-de-branding\" aria-expanded=\"false\">\n\t\t\t\t\t\t<div class=\"sow-accordion-title sow-accordion-title-icon-left\">\n\t\t\t\t\t\t\t\t\t\t\t\t\t\tServicios de Branding\t\t\t\t\t\t\t\t\t\t\t\t\t<\/div>\n\t\t\t\t\t\t<div class=\"sow-accordion-open-close-button\">\n\t\t\t\t\t\t\t<div class=\"sow-accordion-open-button\">\n\t\t\t\t\t\t\t\t<span class=\"sow-icon-ionicons\" data-sow-icon=\"&#xf218;\"\n\t\t \n\t\taria-hidden=\"true\"><\/span>\t\t\t\t\t\t\t<\/div>\n\t\t\t\t\t\t\t<div class=\"sow-accordion-close-button\">\n\t\t\t\t\t\t\t\t<span class=\"sow-icon-ionicons\" data-sow-icon=\"&#xf209;\"\n\t\t \n\t\taria-hidden=\"true\"><\/span>\t\t\t\t\t\t\t<\/div>\n\t\t\t\t\t\t<\/div>\n\t\t\t\t\t<\/div>\n\t\t\t\t<\/div>\n\n\t\t\t<div\n\t\t\t\tclass=\"sow-accordion-panel-content\"\n\t\t\t\trole=\"region\"\n\t\t\t\taria-labelledby=\"accordion-label-servicios-de-branding\"\n\t\t\t\tid=\"accordion-content-servicios-de-branding\"\n\t\t\t\tstyle=\"display: none;\"\t\t\t>\n\t\t\t\t<div class=\"sow-accordion-panel-border\">\n\t\t\t\t\t<div id=\"accordion-content-branding-services\" class=\"sow-accordion-panel-content\" role=\"region\" aria-labelledby=\"accordion-label-branding-services\">\n<div class=\"sow-accordion-panel-border\">\n<ul>\n<li><strong>Creaci\u00f3n de Identidad Visual:<\/strong> Desarrollo del logotipo, paleta de colores, tipograf\u00eda y otros elementos visuales que representan la marca.<\/li>\n<li><strong>Desarrollo de Estrategia de Marca:<\/strong> Definici\u00f3n de los valores, misi\u00f3n, visi\u00f3n y propuesta de valor de la marca, as\u00ed como la forma en que se comunica con su audiencia.<\/li>\n<li><strong>Dise\u00f1o de Empaque y Materiales de Marketing:<\/strong> Creaci\u00f3n de empaques, tarjetas de presentaci\u00f3n, folletos y otros materiales promocionales que refuercen la identidad de la marca.<\/li>\n<li><strong>Posicionamiento en el Mercado:<\/strong> Identificaci\u00f3n de c\u00f3mo ser\u00e1 percibida la marca en relaci\u00f3n con sus competidores y su p\u00fablico objetivo.<\/li>\n<li><strong>Desarrollo de Contenidos:<\/strong> Creaci\u00f3n de contenido (como texto, fotos, videos) que se alinee con la visi\u00f3n y los valores de la marca.<\/li>\n<li><strong>Consultor\u00eda de Branding:<\/strong> Orientaci\u00f3n estrat\u00e9gica sobre c\u00f3mo construir y mantener una marca s\u00f3lida a lo largo del tiempo.<\/li>\n<\/ul>\n<\/div>\n<\/div>\n\t\t\t\t<\/div>\n\t\t\t<\/div>\n\t\t<\/div>\n\t\t<\/div>\n<\/div>\n<\/div><\/div><\/div><div id=\"pgc-2126-0-1\"  class=\"panel-grid-cell\" ><div id=\"panel-2126-0-1-0\" class=\"so-panel widget widget_sow-editor panel-first-child\" data-index=\"2\" ><div\n\t\t\t\n\t\t\tclass=\"so-widget-sow-editor so-widget-sow-editor-base\"\n\t\t\t\n\t\t>\n<div class=\"siteorigin-widget-tinymce textwidget\">\n\t<h2><strong>Dise\u00f1o<\/strong><\/h2>\n<div id=\"panel-2158-0-1-0\" class=\"so-panel widget widget_sow-editor panel-first-child\" data-index=\"2\">\n<div class=\"so-widget-sow-editor so-widget-sow-editor-base\">\n<div class=\"siteorigin-widget-tinymce textwidget\">\n<p>Desde folletos y tarjetas de presentaci\u00f3n hasta videos y experiencias interactivas, el dise\u00f1o gr\u00e1fico abarca todos los aspectos de la comunicaci\u00f3n visual en m\u00faltiples plataformas. Se trata de una disciplina que combina creatividad y t\u00e9cnica para desarrollar soluciones impactantes y efectivas. Nuestros servicios incluyen:<\/p>\n<\/div>\n<\/div>\n<\/div>\n<\/div>\n<\/div><\/div><div id=\"panel-2126-0-1-1\" class=\"so-panel widget widget_sow-accordion panel-last-child\" data-index=\"3\" ><div\n\t\t\t\n\t\t\tclass=\"so-widget-sow-accordion so-widget-sow-accordion-default-ae14589eaf6b-2126\"\n\t\t\t\n\t\t><div>\n\t<div class=\"sow-accordion\">\n\t\t\t<div class=\"sow-accordion-panel\n\t\t\t\t\t\"\n\t\t\t\tdata-anchor-id=\"servicios-de-diseno-grafico\">\n\t\t\t\t\t<div class=\"sow-accordion-panel-header-container\" role=\"heading\" aria-level=\"2\">\n\t\t\t\t\t<div class=\"sow-accordion-panel-header\" tabindex=\"0\" role=\"button\" id=\"accordion-label-servicios-de-dise%c3%b1o-gr%c3%a1fico\" aria-controls=\"accordion-content-servicios-de-dise%c3%b1o-gr%c3%a1fico\" aria-expanded=\"false\">\n\t\t\t\t\t\t<div class=\"sow-accordion-title sow-accordion-title-icon-left\">\n\t\t\t\t\t\t\t\t\t\t\t\t\t\tServicios de Dise\u00f1o Gr\u00e1fico\t\t\t\t\t\t\t\t\t\t\t\t\t<\/div>\n\t\t\t\t\t\t<div class=\"sow-accordion-open-close-button\">\n\t\t\t\t\t\t\t<div class=\"sow-accordion-open-button\">\n\t\t\t\t\t\t\t\t<span class=\"sow-icon-ionicons\" data-sow-icon=\"&#xf218;\"\n\t\t \n\t\taria-hidden=\"true\"><\/span>\t\t\t\t\t\t\t<\/div>\n\t\t\t\t\t\t\t<div class=\"sow-accordion-close-button\">\n\t\t\t\t\t\t\t\t<span class=\"sow-icon-ionicons\" data-sow-icon=\"&#xf209;\"\n\t\t \n\t\taria-hidden=\"true\"><\/span>\t\t\t\t\t\t\t<\/div>\n\t\t\t\t\t\t<\/div>\n\t\t\t\t\t<\/div>\n\t\t\t\t<\/div>\n\n\t\t\t<div\n\t\t\t\tclass=\"sow-accordion-panel-content\"\n\t\t\t\trole=\"region\"\n\t\t\t\taria-labelledby=\"accordion-label-servicios-de-dise%c3%b1o-gr%c3%a1fico\"\n\t\t\t\tid=\"accordion-content-servicios-de-dise%c3%b1o-gr%c3%a1fico\"\n\t\t\t\tstyle=\"display: none;\"\t\t\t>\n\t\t\t\t<div class=\"sow-accordion-panel-border\">\n\t\t\t\t\t<div id=\"accordion-content-graphic-design-services\" class=\"sow-accordion-panel-content\" role=\"region\" aria-labelledby=\"accordion-label-graphic-design-services\">\n<div class=\"sow-accordion-panel-border\">\n<div class=\"flex max-w-full flex-col flex-grow\">\n<div class=\"min-h-8 text-message flex w-full flex-col items-end gap-2 whitespace-normal break-words text-start [.text-message+&amp;]:mt-5\" dir=\"auto\" data-message-author-role=\"assistant\" data-message-id=\"183c4282-3846-4785-8379-47402162aee2\" data-message-model-slug=\"gpt-4o-mini\">\n<div class=\"flex w-full flex-col gap-1 empty:hidden first:pt-[3px]\">\n<div class=\"markdown prose w-full break-words dark:prose-invert light\">\n<ul>\n<li><strong>Dise\u00f1o Gr\u00e1fico<\/strong>: Desarrollo de conceptos visuales, logotipos y elementos de marca para representar una marca o producto de manera atractiva.<\/li>\n<li><strong>Ilustraciones<\/strong>: Creaci\u00f3n de obras de arte personalizadas e ilustraciones para mejorar la identidad visual, materiales de marketing y narrativas.<\/li>\n<li><strong>Dise\u00f1o de Envases<\/strong>: Dise\u00f1o de empaques que no solo sean funcionales, sino tambi\u00e9n visualmente atractivos, asegurando que se alineen con la identidad de la marca.<\/li>\n<li><strong>Dise\u00f1o Editorial<\/strong>: Maquetaci\u00f3n y formato para revistas, libros, peri\u00f3dicos y otros materiales impresos, garantizando una combinaci\u00f3n armoniosa de texto y elementos visuales.<\/li>\n<li><strong>Revistas, Folletos y Cat\u00e1logos<\/strong>: Dise\u00f1o de publicaciones visualmente atractivas para marketing, cat\u00e1logos de productos o fines editoriales.<\/li>\n<li><strong>Productos de Merchandising<\/strong>: Creaci\u00f3n de dise\u00f1os para productos de marca como ropa, accesorios y art\u00edculos promocionales.<\/li>\n<li><strong>Impresi\u00f3n en Gran Formato<\/strong>: Dise\u00f1o para materiales de impresi\u00f3n a gran escala como carteles, pancartas, vallas publicitarias y se\u00f1alizaci\u00f3n, para causar un impacto visual audaz.<\/li>\n<li><strong>Dise\u00f1o 3D<\/strong>: Creaci\u00f3n de conceptos visuales tridimensionales y representaciones de interiores y productos, entornos o dise\u00f1os virtuales.<\/li>\n<li><strong>Dise\u00f1o para Eventos y Exposiciones<\/strong>: Dise\u00f1o de elementos visuales para eventos, ferias comerciales, exposiciones e instalaciones, creando una experiencia inmersiva para los asistentes.<\/li>\n<li><strong>Producci\u00f3n de Proceso de Impresi\u00f3n<\/strong>: Supervisi\u00f3n del proceso de producci\u00f3n de materiales impresos, asegurando calidad y consistencia en los m\u00e9todos de impresi\u00f3n y acabados.<\/li>\n<\/ul>\n<\/div>\n<\/div>\n<\/div>\n<\/div>\n<div class=\"mb-2 flex gap-3 empty:hidden -ml-2\"><\/div>\n<\/div>\n<\/div>\n\t\t\t\t<\/div>\n\t\t\t<\/div>\n\t\t<\/div>\n\t\t<\/div>\n<\/div>\n<\/div><\/div><\/div><div id=\"pgc-2126-0-2\"  class=\"panel-grid-cell\" ><div id=\"panel-2126-0-2-0\" class=\"so-panel widget widget_sow-editor panel-first-child\" data-index=\"4\" ><div\n\t\t\t\n\t\t\tclass=\"so-widget-sow-editor so-widget-sow-editor-base\"\n\t\t\t\n\t\t>\n<div class=\"siteorigin-widget-tinymce textwidget\">\n\t<h2><strong>Creativo<\/strong><\/h2>\n<p>Los servicios de Direcci\u00f3n Creativa abarcan una amplia gama de liderazgo y experiencia en la supervisi\u00f3n de proyectos creativos, campa\u00f1as y estrategias de marca. Un director creativo asegura que la visi\u00f3n art\u00edstica y el estilo visual est\u00e9n alineados con los objetivos del proyecto y la identidad de la marca. Estos servicios suelen incluir:<\/p>\n<\/div>\n<\/div><\/div><div id=\"panel-2126-0-2-1\" class=\"so-panel widget widget_sow-accordion panel-last-child\" data-index=\"5\" ><div\n\t\t\t\n\t\t\tclass=\"so-widget-sow-accordion so-widget-sow-accordion-default-ae14589eaf6b-2126\"\n\t\t\t\n\t\t><div>\n\t<div class=\"sow-accordion\">\n\t\t\t<div class=\"sow-accordion-panel\n\t\t\t\t\t\"\n\t\t\t\tdata-anchor-id=\"servicos-de-direccion-creativa\">\n\t\t\t\t\t<div class=\"sow-accordion-panel-header-container\" role=\"heading\" aria-level=\"2\">\n\t\t\t\t\t<div class=\"sow-accordion-panel-header\" tabindex=\"0\" role=\"button\" id=\"accordion-label-servi%c3%a7os-de-direcci%c3%b3n-creativa\" aria-controls=\"accordion-content-servi%c3%a7os-de-direcci%c3%b3n-creativa\" aria-expanded=\"false\">\n\t\t\t\t\t\t<div class=\"sow-accordion-title sow-accordion-title-icon-left\">\n\t\t\t\t\t\t\t\t\t\t\t\t\t\tServi\u00e7os de Direcci\u00f3n Creativa\t\t\t\t\t\t\t\t\t\t\t\t\t<\/div>\n\t\t\t\t\t\t<div class=\"sow-accordion-open-close-button\">\n\t\t\t\t\t\t\t<div class=\"sow-accordion-open-button\">\n\t\t\t\t\t\t\t\t<span class=\"sow-icon-ionicons\" data-sow-icon=\"&#xf218;\"\n\t\t \n\t\taria-hidden=\"true\"><\/span>\t\t\t\t\t\t\t<\/div>\n\t\t\t\t\t\t\t<div class=\"sow-accordion-close-button\">\n\t\t\t\t\t\t\t\t<span class=\"sow-icon-ionicons\" data-sow-icon=\"&#xf209;\"\n\t\t \n\t\taria-hidden=\"true\"><\/span>\t\t\t\t\t\t\t<\/div>\n\t\t\t\t\t\t<\/div>\n\t\t\t\t\t<\/div>\n\t\t\t\t<\/div>\n\n\t\t\t<div\n\t\t\t\tclass=\"sow-accordion-panel-content\"\n\t\t\t\trole=\"region\"\n\t\t\t\taria-labelledby=\"accordion-label-servi%c3%a7os-de-direcci%c3%b3n-creativa\"\n\t\t\t\tid=\"accordion-content-servi%c3%a7os-de-direcci%c3%b3n-creativa\"\n\t\t\t\tstyle=\"display: none;\"\t\t\t>\n\t\t\t\t<div class=\"sow-accordion-panel-border\">\n\t\t\t\t\t<div id=\"accordion-content-creative-direction-services\" class=\"sow-accordion-panel-content\" role=\"region\" aria-labelledby=\"accordion-label-creative-direction-services\">\n<div class=\"sow-accordion-panel-border\">\n<div class=\"flex max-w-full flex-col flex-grow\">\n<div class=\"min-h-8 text-message flex w-full flex-col items-end gap-2 whitespace-normal break-words text-start [.text-message+&amp;]:mt-5\" dir=\"auto\" data-message-author-role=\"assistant\" data-message-id=\"c8d50424-32f7-4bad-800b-5c876ba7e69e\" data-message-model-slug=\"gpt-4o-mini\">\n<div class=\"flex w-full flex-col gap-1 empty:hidden first:pt-[3px]\">\n<div class=\"markdown prose w-full break-words dark:prose-invert light\">\n<ul>\n<li><strong>Direcci\u00f3n Creativa y Art\u00edstica<\/strong>: Liderar el concepto visual y el desarrollo tem\u00e1tico, asegurando que la direcci\u00f3n art\u00edstica general est\u00e9 alineada con el mensaje deseado y la identidad de la marca.<\/li>\n<li><strong>Fotograf\u00eda<\/strong>: Capturar im\u00e1genes impactantes que respalden la visi\u00f3n creativa, desde fotograf\u00eda de productos hasta tomas de estilo de vida, contribuyendo a una narrativa visual fuerte.<\/li>\n<li><strong>Post-Producci\u00f3n<\/strong>: Refinar y mejorar los materiales visuales mediante edici\u00f3n y retoque, asegurando un resultado final pulido y profesional.<\/li>\n<li><strong>Dise\u00f1o Editorial<\/strong>: Dise\u00f1ar maquetas visualmente atractivas y f\u00e1ciles de usar para revistas, cat\u00e1logos, carteles y otros materiales impresos o digitales, asegurando que est\u00e9n alineadas con la est\u00e9tica de la marca.<\/li>\n<li><strong>Revistas, Cat\u00e1logos y Carteles<\/strong>: Crear materiales impresos atractivos que comuniquen el mensaje de la marca de manera visualmente impactante, mientras cumplen tambi\u00e9n funciones pr\u00e1cticas como promoci\u00f3n o informaci\u00f3n.<\/li>\n<li><strong>Comunicados de Prensa<\/strong>: Elaborar comunicados de prensa creativos e impactantes para comunicar noticias y actualizaciones de una manera que resuene con el p\u00fablico objetivo.<\/li>\n<li><strong>Multimedia<\/strong>: Integrar diversas formas de medios, como video, animaci\u00f3n y elementos interactivos, para enriquecer la experiencia narrativa a trav\u00e9s de plataformas digitales.<\/li>\n<li><strong>Presentaciones<\/strong>: Dise\u00f1ar presentaciones din\u00e1micas que representen visualmente los mensajes clave, asegurando que la informaci\u00f3n compleja se presente de manera clara y atractiva.<\/li>\n<li><strong>Proyectos Especiales<\/strong>: Gestionar proyectos \u00fanicos o excepcionales que requieren soluciones creativas personalizadas, adaptadas a las necesidades espec\u00edficas del cliente o la campa\u00f1a.<\/li>\n<li><strong>Consultor\u00eda y Talleres<\/strong>: Ofrecer asesor\u00eda experta y talleres pr\u00e1cticos para guiar a los clientes en el desarrollo de sus estrategias creativas, brindando conocimientos sobre branding visual, comunicaci\u00f3n y mejores pr\u00e1cticas de dise\u00f1o.<\/li>\n<\/ul>\n<\/div>\n<\/div>\n<\/div>\n<\/div>\n<\/div>\n<\/div>\n\t\t\t\t<\/div>\n\t\t\t<\/div>\n\t\t<\/div>\n\t\t<\/div>\n<\/div>\n<\/div><\/div><\/div><div id=\"pgc-2126-0-3\"  class=\"panel-grid-cell\" ><div id=\"panel-2126-0-3-0\" class=\"so-panel widget widget_sow-editor panel-first-child\" data-index=\"6\" ><div\n\t\t\t\n\t\t\tclass=\"so-widget-sow-editor so-widget-sow-editor-base\"\n\t\t\t\n\t\t>\n<div class=\"siteorigin-widget-tinymce textwidget\">\n\t<h2><strong>Web<br \/>\n<\/strong><\/h2>\n<p>Los servicios de Soluciones Web se refieren a un conjunto integral de ofertas dise\u00f1adas para desarrollar, optimizar y gestionar la presencia en l\u00ednea de empresas o individuos. Estos servicios incluyen:<\/p>\n<\/div>\n<\/div><\/div><div id=\"panel-2126-0-3-1\" class=\"so-panel widget widget_sow-accordion panel-last-child\" data-index=\"7\" ><div\n\t\t\t\n\t\t\tclass=\"so-widget-sow-accordion so-widget-sow-accordion-default-ae14589eaf6b-2126\"\n\t\t\t\n\t\t><div>\n\t<div class=\"sow-accordion\">\n\t\t\t<div class=\"sow-accordion-panel\n\t\t\t\t\t\"\n\t\t\t\tdata-anchor-id=\"servicios-de-soluciones-web\">\n\t\t\t\t\t<div class=\"sow-accordion-panel-header-container\" role=\"heading\" aria-level=\"2\">\n\t\t\t\t\t<div class=\"sow-accordion-panel-header\" tabindex=\"0\" role=\"button\" id=\"accordion-label-servicios-de-soluciones-web\" aria-controls=\"accordion-content-servicios-de-soluciones-web\" aria-expanded=\"false\">\n\t\t\t\t\t\t<div class=\"sow-accordion-title sow-accordion-title-icon-left\">\n\t\t\t\t\t\t\t\t\t\t\t\t\t\tServicios de soluciones Web\t\t\t\t\t\t\t\t\t\t\t\t\t<\/div>\n\t\t\t\t\t\t<div class=\"sow-accordion-open-close-button\">\n\t\t\t\t\t\t\t<div class=\"sow-accordion-open-button\">\n\t\t\t\t\t\t\t\t<span class=\"sow-icon-ionicons\" data-sow-icon=\"&#xf218;\"\n\t\t \n\t\taria-hidden=\"true\"><\/span>\t\t\t\t\t\t\t<\/div>\n\t\t\t\t\t\t\t<div class=\"sow-accordion-close-button\">\n\t\t\t\t\t\t\t\t<span class=\"sow-icon-ionicons\" data-sow-icon=\"&#xf209;\"\n\t\t \n\t\taria-hidden=\"true\"><\/span>\t\t\t\t\t\t\t<\/div>\n\t\t\t\t\t\t<\/div>\n\t\t\t\t\t<\/div>\n\t\t\t\t<\/div>\n\n\t\t\t<div\n\t\t\t\tclass=\"sow-accordion-panel-content\"\n\t\t\t\trole=\"region\"\n\t\t\t\taria-labelledby=\"accordion-label-servicios-de-soluciones-web\"\n\t\t\t\tid=\"accordion-content-servicios-de-soluciones-web\"\n\t\t\t\tstyle=\"display: none;\"\t\t\t>\n\t\t\t\t<div class=\"sow-accordion-panel-border\">\n\t\t\t\t\t<div id=\"accordion-content-web-solutions-services\" class=\"sow-accordion-panel-content\" role=\"region\" aria-labelledby=\"accordion-label-web-solutions-services\">\n<div class=\"sow-accordion-panel-border\">\n<ul>\n<li><strong>Dise\u00f1o Web<\/strong>: Creaci\u00f3n de sitios web personalizados y visualmente atractivos que sean funcionales y atractivos para los usuarios.<\/li>\n<li><strong>Consultor\u00eda Web<\/strong>: Asesoramiento experto sobre las estrategias y tecnolog\u00edas m\u00e1s efectivas para construir o mejorar un sitio web.<\/li>\n<li><strong>Configuraci\u00f3n de Comercio Electr\u00f3nico<\/strong>: Creaci\u00f3n y configuraci\u00f3n de tiendas en l\u00ednea, incluyendo la integraci\u00f3n de sistemas de pago y soluciones de carrito de compras.<\/li>\n<li><strong>SEO y Anal\u00edtica<\/strong>: Implementaci\u00f3n de t\u00e9cnicas SEO para aumentar la visibilidad del sitio en los resultados de los motores de b\u00fasqueda, junto con el uso de anal\u00edtica para monitorear el rendimiento y hacer mejoras basadas en datos.<\/li>\n<li><strong>E-mail y Boletines<\/strong>: Dise\u00f1o y gesti\u00f3n de campa\u00f1as de correo electr\u00f3nico y boletines para involucrar a los usuarios, promover servicios y construir relaciones con los clientes.<\/li>\n<li><strong>Alojamiento Web<\/strong>: Almacenamiento de sitios web en servidores para garantizar que permanezcan accesibles para los usuarios en l\u00ednea.<\/li>\n<li><strong>Sistemas de Gesti\u00f3n de Contenidos (CMS)<\/strong>: Proporcionar plataformas como WordPress o Joomla que permitan actualizaciones f\u00e1ciles y gesti\u00f3n de contenido.<\/li>\n<li><strong>Marketing Digital<\/strong>: Creaci\u00f3n de estrategias digitales que incluyen anuncios pagados, promociones en redes sociales y marketing por correo electr\u00f3nico para impulsar el tr\u00e1fico y la participaci\u00f3n.<\/li>\n<li><strong>Soporte y Mantenimiento<\/strong>: Provisi\u00f3n de actualizaciones continuas, monitoreo y soporte t\u00e9cnico para mantener el sitio web funcionando sin problemas.<\/li>\n<\/ul>\n<\/div>\n<\/div>\n\t\t\t\t<\/div>\n\t\t\t<\/div>\n\t\t<\/div>\n\t\t<\/div>\n<\/div>\n<\/div><\/div><\/div><\/div><div id=\"pg-2126-1\"  class=\"panel-grid panel-no-style\" ><div id=\"pgc-2126-1-0\"  class=\"panel-grid-cell panel-grid-cell-empty panel-grid-cell-mobile-last\" ><\/div><div id=\"pgc-2126-1-1\"  class=\"panel-grid-cell panel-grid-cell-empty\" ><\/div><\/div><div id=\"pg-2126-2\"  class=\"panel-grid panel-no-style\" ><div id=\"pgc-2126-2-0\"  class=\"panel-grid-cell panel-grid-cell-empty\" ><\/div><\/div><div id=\"pg-2126-3\"  class=\"panel-grid panel-no-style\" ><div id=\"pgc-2126-3-0\"  class=\"panel-grid-cell\" ><div id=\"panel-2126-3-0-0\" class=\"so-panel widget widget_sow-editor panel-first-child\" data-index=\"8\" ><div\n\t\t\t\n\t\t\tclass=\"so-widget-sow-editor so-widget-sow-editor-base\"\n\t\t\t\n\t\t>\n<div class=\"siteorigin-widget-tinymce textwidget\">\n\t<h2 style=\"text-align: center;\"><strong>Resolver problemas de negocios a trav\u00e9s del dise\u00f1o.<\/strong><\/h2>\n<p style=\"text-align: center;\"><em>\"Mi trabajo va m\u00e1s all\u00e1 de la est\u00e9tica: se trata de abordar desaf\u00edos y alcanzar tus objetivos comerciales mediante la creatividad. Mi objetivo es inspirar, innovar y crear dise\u00f1os que realmente marquen la diferencia.\"<\/em><\/p>\n<\/div>\n<\/div><\/div><div id=\"panel-2126-3-0-1\" class=\"so-panel widget widget_sow-accordion panel-last-child\" data-index=\"9\" ><div\n\t\t\t\n\t\t\tclass=\"so-widget-sow-accordion so-widget-sow-accordion-default-ae14589eaf6b-2126\"\n\t\t\t\n\t\t><div>\n\t<div class=\"sow-accordion\">\n\t\t\t<div class=\"sow-accordion-panel\n\t\t\t\t\t\"\n\t\t\t\tdata-anchor-id=\"mi-proceso\">\n\t\t\t\t\t<div class=\"sow-accordion-panel-header-container\" role=\"heading\" aria-level=\"2\">\n\t\t\t\t\t<div class=\"sow-accordion-panel-header\" tabindex=\"0\" role=\"button\" id=\"accordion-label-mi-proceso\" aria-controls=\"accordion-content-mi-proceso\" aria-expanded=\"false\">\n\t\t\t\t\t\t<div class=\"sow-accordion-title sow-accordion-title-icon-left\">\n\t\t\t\t\t\t\t\t\t\t\t\t\t\tMi proceso\t\t\t\t\t\t\t\t\t\t\t\t\t<\/div>\n\t\t\t\t\t\t<div class=\"sow-accordion-open-close-button\">\n\t\t\t\t\t\t\t<div class=\"sow-accordion-open-button\">\n\t\t\t\t\t\t\t\t<span class=\"sow-icon-ionicons\" data-sow-icon=\"&#xf218;\"\n\t\t \n\t\taria-hidden=\"true\"><\/span>\t\t\t\t\t\t\t<\/div>\n\t\t\t\t\t\t\t<div class=\"sow-accordion-close-button\">\n\t\t\t\t\t\t\t\t<span class=\"sow-icon-ionicons\" data-sow-icon=\"&#xf209;\"\n\t\t \n\t\taria-hidden=\"true\"><\/span>\t\t\t\t\t\t\t<\/div>\n\t\t\t\t\t\t<\/div>\n\t\t\t\t\t<\/div>\n\t\t\t\t<\/div>\n\n\t\t\t<div\n\t\t\t\tclass=\"sow-accordion-panel-content\"\n\t\t\t\trole=\"region\"\n\t\t\t\taria-labelledby=\"accordion-label-mi-proceso\"\n\t\t\t\tid=\"accordion-content-mi-proceso\"\n\t\t\t\tstyle=\"display: none;\"\t\t\t>\n\t\t\t\t<div class=\"sow-accordion-panel-border\">\n\t\t\t\t\t<div class=\"section__content\">\n<ol>\n<li>\n<div class=\"flex max-w-full flex-col flex-grow\">\n<div class=\"min-h-8 text-message flex w-full flex-col items-end gap-2 whitespace-normal break-words text-start [.text-message+&amp;]:mt-5\" dir=\"auto\" data-message-author-role=\"assistant\" data-message-id=\"5413a950-13f3-4e6e-b8c4-8fad20c49017\" data-message-model-slug=\"gpt-4o-mini\">\n<div class=\"flex w-full flex-col gap-1 empty:hidden first:pt-[3px]\">\n<div class=\"markdown prose w-full break-words dark:prose-invert light\">\n<p>\u2022 <strong>Reuni\u00f3n y Reporte:<\/strong><br \/>\nPrimero, quiero aprender todo sobre ti y tu proyecto, marca o idea. Har\u00e9 muchas preguntas para entender qu\u00e9 te motiva, tu p\u00fablico objetivo, lo que realmente deseas y lo que realmente necesitas.<\/p>\n<p>\u2022 <strong>Investigaci\u00f3n y Desarrollo de Conceptos Estrat\u00e9gicos y Creativos:<\/strong><br \/>\nReviso todo lo que he recopilado y lo amplio mediante investigaci\u00f3n, utilizando mi experiencia. Luego, anclo tu proyecto en una s\u00f3lida estrategia empresarial y un concepto creativo.<\/p>\n<p>\u2022 <strong>Proceso de Dise\u00f1o:<\/strong><br \/>\nAqu\u00ed es donde pongo en pr\u00e1ctica mis habilidades de dise\u00f1o, traduciendo la estrategia y el concepto creativo en un dise\u00f1o vibrante y din\u00e1mico. Esta es mi parte favorita del proceso: crear trabajos relevantes e impactantes que impulsen tu negocio hacia adelante.<\/p>\n<p>\u2022 <strong>Presentaci\u00f3n y Producci\u00f3n:<\/strong><br \/>\nCuando presento mis propuestas, escucho atentamente, discuto y trabajo de cerca contigo para refinar los dise\u00f1os. Una vez que est\u00e9s satisfecho, colaboro con mis socios externos para llevar el resultado final a la vida.<\/p>\n<p>\u2022 <strong>Finalizaci\u00f3n del Proyecto:<\/strong><br \/>\nMi trabajo no termina una vez que todo est\u00e1 listo y aprobado. Ahora que t\u00fa tambi\u00e9n eres \"creativo\", me encantar\u00eda seguir trabajando de cerca contigo para construir el \u00e9xito continuo de tu marca.<\/p>\n<\/div>\n<\/div>\n<\/div>\n<\/div>\n<div class=\"mb-2 flex gap-3 empty:hidden -ml-2\"><\/div>\n<\/li>\n<\/ol>\n<\/div>\n\t\t\t\t<\/div>\n\t\t\t<\/div>\n\t\t<\/div>\n\t\t<\/div>\n<\/div>\n<\/div><\/div><\/div><\/div><\/div>","protected":false},"excerpt":{"rendered":"<p>Enfoque interdisciplinario en Branding, Dise\u00f1o Gr\u00e1fico, Direcci\u00f3n Creativa y soluciones Web, orientado al desarrollo de trabajos que cautivan, inspiran y generan resultados efectivos.<\/p>\n","protected":false},"author":1,"featured_media":1427,"parent":0,"menu_order":2,"comment_status":"closed","ping_status":"closed","template":"template-fullwidth.php","meta":{"_vp_format_video_url":"","_vp_image_focal_point":[],"footnotes":""},"class_list":["post-2126","page","type-page","status-publish","has-post-thumbnail","hentry"],"aioseo_notices":[],"_links":{"self":[{"href":"https:\/\/www.symmetricview.com\/home\/wp-json\/wp\/v2\/pages\/2126","targetHints":{"allow":["GET"]}}],"collection":[{"href":"https:\/\/www.symmetricview.com\/home\/wp-json\/wp\/v2\/pages"}],"about":[{"href":"https:\/\/www.symmetricview.com\/home\/wp-json\/wp\/v2\/types\/page"}],"author":[{"embeddable":true,"href":"https:\/\/www.symmetricview.com\/home\/wp-json\/wp\/v2\/users\/1"}],"replies":[{"embeddable":true,"href":"https:\/\/www.symmetricview.com\/home\/wp-json\/wp\/v2\/comments?post=2126"}],"version-history":[{"count":5,"href":"https:\/\/www.symmetricview.com\/home\/wp-json\/wp\/v2\/pages\/2126\/revisions"}],"predecessor-version":[{"id":2273,"href":"https:\/\/www.symmetricview.com\/home\/wp-json\/wp\/v2\/pages\/2126\/revisions\/2273"}],"wp:featuredmedia":[{"embeddable":true,"href":"https:\/\/www.symmetricview.com\/home\/wp-json\/wp\/v2\/media\/1427"}],"wp:attachment":[{"href":"https:\/\/www.symmetricview.com\/home\/wp-json\/wp\/v2\/media?parent=2126"}],"curies":[{"name":"wp","href":"https:\/\/api.w.org\/{rel}","templated":true}]}}